{"id":22,"date":"2018-01-12T11:13:00","date_gmt":"2018-01-12T10:13:00","guid":{"rendered":"http:\/\/domainedesteyssieres.fr\/?page_id=22"},"modified":"2018-09-15T22:24:06","modified_gmt":"2018-09-15T20:24:06","slug":"la-culture-des-oliviers-bio","status":"publish","type":"page","link":"https:\/\/domainedesteyssieres.fr\/index.php\/la-culture-des-oliviers-bio\/","title":{"rendered":"L&rsquo;olivier au fil des saisons"},"content":{"rendered":"\t\t<div data-elementor-type=\"wp-page\" data-elementor-id=\"22\" class=\"elementor elementor-22 elementor-bc-flex-widget\">\n\t\t\t\t\t\t<div class=\"elementor-inner\">\n\t\t\t\t<div class=\"elementor-section-wrap\">\n\t\t\t\t\t\t\t\t\t<section class=\"elementor-section elementor-top-section elementor-element elementor-element-7b2bc51 elementor-section-boxed elementor-section-height-default elementor-section-height-default\" data-id=\"7b2bc51\" data-element_type=\"section\">\n\t\t\t\t\t\t<div class=\"elementor-container elementor-column-gap-default\">\n\t\t\t\t\t\t\t<div class=\"elementor-row\">\n\t\t\t\t\t<div class=\"elementor-column elementor-col-33 elementor-top-column elementor-element elementor-element-6175c4b\" data-id=\"6175c4b\" data-element_type=\"column\">\n\t\t\t<div class=\"elementor-column-wrap\">\n\t\t\t\t\t\t\t<div class=\"elementor-widget-wrap\">\n\t\t\t\t\t\t\t\t<\/div>\n\t\t\t\t\t<\/div>\n\t\t<\/div>\n\t\t\t\t<div class=\"elementor-column elementor-col-33 elementor-top-column elementor-element elementor-element-77979e7\" data-id=\"77979e7\" data-element_type=\"column\">\n\t\t\t<div class=\"elementor-column-wrap elementor-element-populated\">\n\t\t\t\t\t\t\t<div class=\"elementor-widget-wrap\">\n\t\t\t\t\t\t<div class=\"elementor-element elementor-element-ae7ee3f elementor-widget elementor-widget-image\" data-id=\"ae7ee3f\" data-element_type=\"widget\" data-widget_type=\"image.default\">\n\t\t\t\t<div class=\"elementor-widget-container\">\n\t\t\t\t\t\t\t\t<div class=\"elementor-image\">\n\t\t\t\t\t\t\t\t\t\t\t\t\t<a href=\"http:\/\/domainedesteyssieres.fr\/wp-content\/uploads\/2018\/09\/Un-soir-de-mistral.jpg\" data-elementor-open-lightbox=\"yes\" data-elementor-lightbox-title=\"Un soir de mistral\" e-action-hash=\"#elementor-action%3Aaction%3Dlightbox%26settings%3DeyJpZCI6MTUzMiwidXJsIjoiaHR0cHM6XC9cL2RvbWFpbmVkZXN0ZXlzc2llcmVzLmZyXC93cC1jb250ZW50XC91cGxvYWRzXC8yMDE4XC8wOVwvVW4tc29pci1kZS1taXN0cmFsLmpwZyJ9\">\n\t\t\t\t\t\t\t<img loading=\"lazy\" decoding=\"async\" width=\"1024\" height=\"768\" src=\"https:\/\/domainedesteyssieres.fr\/wp-content\/uploads\/2018\/09\/Un-soir-de-mistral-1024x768.jpg\" class=\"attachment-large size-large\" alt=\"\" srcset=\"https:\/\/domainedesteyssieres.fr\/wp-content\/uploads\/2018\/09\/Un-soir-de-mistral-1024x768.jpg 1024w, https:\/\/domainedesteyssieres.fr\/wp-content\/uploads\/2018\/09\/Un-soir-de-mistral-300x225.jpg 300w, https:\/\/domainedesteyssieres.fr\/wp-content\/uploads\/2018\/09\/Un-soir-de-mistral-768x576.jpg 768w, https:\/\/domainedesteyssieres.fr\/wp-content\/uploads\/2018\/09\/Un-soir-de-mistral.jpg 1200w\" sizes=\"(max-width: 1024px) 100vw, 1024px\" \/>\t\t\t\t\t\t\t\t<\/a>\n\t\t\t\t\t\t\t\t\t\t\t\t\t\t<\/div>\n\t\t\t\t\t\t<\/div>\n\t\t\t\t<\/div>\n\t\t\t\t\t\t<\/div>\n\t\t\t\t\t<\/div>\n\t\t<\/div>\n\t\t\t\t<div class=\"elementor-column elementor-col-33 elementor-top-column elementor-element elementor-element-cc4b73f\" data-id=\"cc4b73f\" data-element_type=\"column\">\n\t\t\t<div class=\"elementor-column-wrap\">\n\t\t\t\t\t\t\t<div class=\"elementor-widget-wrap\">\n\t\t\t\t\t\t\t\t<\/div>\n\t\t\t\t\t<\/div>\n\t\t<\/div>\n\t\t\t\t\t\t\t\t<\/div>\n\t\t\t\t\t<\/div>\n\t\t<\/section>\n\t\t\t\t<section class=\"elementor-section elementor-top-section elementor-element elementor-element-871c071 elementor-section-boxed elementor-section-height-default elementor-section-height-default\" data-id=\"871c071\" data-element_type=\"section\">\n\t\t\t\t\t\t<div class=\"elementor-container elementor-column-gap-default\">\n\t\t\t\t\t\t\t<div class=\"elementor-row\">\n\t\t\t\t\t<div class=\"elementor-column elementor-col-100 elementor-top-column elementor-element elementor-element-7e063e3\" data-id=\"7e063e3\" data-element_type=\"column\">\n\t\t\t<div class=\"elementor-column-wrap elementor-element-populated\">\n\t\t\t\t\t\t\t<div class=\"elementor-widget-wrap\">\n\t\t\t\t\t\t<div class=\"elementor-element elementor-element-df7eb21 elementor-widget elementor-widget-text-editor\" data-id=\"df7eb21\" data-element_type=\"widget\" data-widget_type=\"text-editor.default\">\n\t\t\t\t<div class=\"elementor-widget-container\">\n\t\t\t\t\t\t\t\t<div class=\"elementor-text-editor elementor-clearfix\">\n\t\t\t\t<p>Vers la fin de l\u2019hiver il nous faut apporter de l\u2019engrais organique, des amendements de type compost et \u00e9ventuellement semer des engrais vert dans le but , entre autres, d&rsquo;ameliorer la fertilit\u00e9 du sol<\/p><p>Une fois que les grands froids ne sont plus \u00e0 craindre, \u00e0 partir de fin f\u00e9vrier \u00a0il est temps de<a href=\"http:\/\/domainedesteyssieres.fr\/index.php\/la-taille-des-oliviers\/\"><strong> tailler les oliviers.<\/strong><\/a><\/p><p>Cela peut se faire confortablement jusque fin avril<\/p><p>En mai, les premi\u00e8res vraies chaleurs arrivent, l\u2019olivier pousse et pr\u00e9pare sa <a href=\"http:\/\/domainedesteyssieres.fr\/index.php\/la-floraison\/\"><strong>floraison<\/strong><\/a><\/p><p>C\u2019est une p\u00e9riode importante ou il peut \u00eatre utile d<strong>\u2019<\/strong><a href=\"http:\/\/domainedesteyssieres.fr\/index.php\/lirrigation\/\"><strong>irriguer les oliviers<\/strong><\/a><\/p><p>Puis l\u2019\u00e9t\u00e9 arrive . La vegetation entre les oliviers , qu&rsquo;elle soit naturelle ou sem\u00e9e, est broy\u00e9e pour obtenir une sorte de mulch qui limitera l&rsquo;evaporation de l&rsquo;eau pendant l&rsquo;\u00e9t\u00e9 .<\/p><p>A partir de juillet, les olives sont bien form\u00e9es et deviennent l\u2019objet des convoitises de<a href=\"http:\/\/domainedesteyssieres.fr\/index.php\/mouche-de-lolive\/\"><strong> la fameuse mouche de l&rsquo;olive<\/strong><\/a> qui va chercher \u00e0 y pondre ses \u0153ufs.<\/p><p>Il nous faudra la surveiller et l&#8217;empecher de pondre tout l\u2019\u00e9t\u00e9 surtout \u00e0 partir de septembre quand les temp\u00e9ratures lui seront plus favorables.<\/p><p>La methode la plus efficace en bio consiste a pulveriser de l&rsquo;argile qui constituera une barriere physique empechant la ponte.<\/p><p>Enfin viendra le temps de pr\u00e9parer le chantier de la <strong><a href=\"http:\/\/domainedesteyssieres.fr\/index.php\/la-recolte\/\">r\u00e9colte<\/a><\/strong> qui commencera vers le d\u00e9but du mois de novembre et durera environ un mois<\/p><p>D\u00e9cembre\u00a0: Le froid va commencer \u00e0 s\u2019installer et il sera temps pour l\u2019ol\u00e9iculteur et ses oliviers de se reposer<\/p>\t\t\t\t\t<\/div>\n\t\t\t\t\t\t<\/div>\n\t\t\t\t<\/div>\n\t\t\t\t\t\t<\/div>\n\t\t\t\t\t<\/div>\n\t\t<\/div>\n\t\t\t\t\t\t\t\t<\/div>\n\t\t\t\t\t<\/div>\n\t\t<\/section>\n\t\t\t\t<section class=\"elementor-section elementor-top-section elementor-element elementor-element-f276afc elementor-section-boxed elementor-section-height-default elementor-section-height-default\" data-id=\"f276afc\" data-element_type=\"section\">\n\t\t\t\t\t\t<div class=\"elementor-container elementor-column-gap-default\">\n\t\t\t\t\t\t\t<div class=\"elementor-row\">\n\t\t\t\t\t<div class=\"elementor-column elementor-col-100 elementor-top-column elementor-element elementor-element-e0b388b\" data-id=\"e0b388b\" data-element_type=\"column\">\n\t\t\t<div class=\"elementor-column-wrap elementor-element-populated\">\n\t\t\t\t\t\t\t<div class=\"elementor-widget-wrap\">\n\t\t\t\t\t\t<div class=\"elementor-element elementor-element-af34920 elementor-widget elementor-widget-image\" data-id=\"af34920\" data-element_type=\"widget\" data-widget_type=\"image.default\">\n\t\t\t\t<div class=\"elementor-widget-container\">\n\t\t\t\t\t\t\t\t<div class=\"elementor-image\">\n\t\t\t\t\t\t\t\t\t<figure class=\"wp-caption\">\n\t\t\t\t\t\t\t\t\t\t\t<a href=\"http:\/\/domainedesteyssieres.fr\/wp-content\/uploads\/2018\/09\/Les-oliviers-sous-la-neige-en-janvier-2010.jpg\" data-elementor-open-lightbox=\"yes\" data-elementor-lightbox-title=\"Les oliviers sous la neige en janvier 2010\" e-action-hash=\"#elementor-action%3Aaction%3Dlightbox%26settings%3DeyJpZCI6OTMwLCJ1cmwiOiJodHRwczpcL1wvZG9tYWluZWRlc3RleXNzaWVyZXMuZnJcL3dwLWNvbnRlbnRcL3VwbG9hZHNcLzIwMThcLzA5XC9MZXMtb2xpdmllcnMtc291cy1sYS1uZWlnZS1lbi1qYW52aWVyLTIwMTAuanBnIn0%3D\">\n\t\t\t\t\t\t\t<img loading=\"lazy\" decoding=\"async\" width=\"1024\" height=\"615\" src=\"https:\/\/domainedesteyssieres.fr\/wp-content\/uploads\/2018\/09\/Les-oliviers-sous-la-neige-en-janvier-2010-1024x615.jpg\" class=\"attachment-large size-large\" alt=\"\" srcset=\"https:\/\/domainedesteyssieres.fr\/wp-content\/uploads\/2018\/09\/Les-oliviers-sous-la-neige-en-janvier-2010-1024x615.jpg 1024w, https:\/\/domainedesteyssieres.fr\/wp-content\/uploads\/2018\/09\/Les-oliviers-sous-la-neige-en-janvier-2010-300x180.jpg 300w, https:\/\/domainedesteyssieres.fr\/wp-content\/uploads\/2018\/09\/Les-oliviers-sous-la-neige-en-janvier-2010-768x461.jpg 768w, https:\/\/domainedesteyssieres.fr\/wp-content\/uploads\/2018\/09\/Les-oliviers-sous-la-neige-en-janvier-2010.jpg 1200w\" sizes=\"(max-width: 1024px) 100vw, 1024px\" \/>\t\t\t\t\t\t\t\t<\/a>\n\t\t\t\t\t\t\t\t\t\t\t<figcaption class=\"widget-image-caption wp-caption-text\">Les oliviers sous la neige face au Mont Ventoux en janvier 2010<\/figcaption>\n\t\t\t\t\t\t\t\t\t\t<\/figure>\n\t\t\t\t\t\t\t\t<\/div>\n\t\t\t\t\t\t<\/div>\n\t\t\t\t<\/div>\n\t\t\t\t\t\t<\/div>\n\t\t\t\t\t<\/div>\n\t\t<\/div>\n\t\t\t\t\t\t\t\t<\/div>\n\t\t\t\t\t<\/div>\n\t\t<\/section>\n\t\t\t\t<section class=\"elementor-section elementor-top-section elementor-element elementor-element-d7d9f10 elementor-section-boxed elementor-section-height-default elementor-section-height-default\" data-id=\"d7d9f10\" data-element_type=\"section\">\n\t\t\t\t\t\t<div class=\"elementor-container elementor-column-gap-default\">\n\t\t\t\t\t\t\t<div class=\"elementor-row\">\n\t\t\t\t\t<div class=\"elementor-column elementor-col-16 elementor-top-column elementor-element elementor-element-7682e26\" data-id=\"7682e26\" data-element_type=\"column\">\n\t\t\t<div class=\"elementor-column-wrap elementor-element-populated\">\n\t\t\t\t\t\t\t<div class=\"elementor-widget-wrap\">\n\t\t\t\t\t\t<div class=\"elementor-element elementor-element-5e218c4 elementor-align-center elementor-widget elementor-widget-button\" data-id=\"5e218c4\" data-element_type=\"widget\" data-widget_type=\"button.default\">\n\t\t\t\t<div class=\"elementor-widget-container\">\n\t\t\t\t\t<div class=\"elementor-button-wrapper\">\n\t\t\t<a href=\"#\" class=\"elementor-button-link elementor-button elementor-size-sm\" role=\"button\">\n\t\t\t\t\t\t<span class=\"elementor-button-content-wrapper\">\n\t\t\t\t\t\t<span class=\"elementor-button-text\">Engrais verts et amendements<\/span>\n\t\t<\/span>\n\t\t\t\t\t<\/a>\n\t\t<\/div>\n\t\t\t\t<\/div>\n\t\t\t\t<\/div>\n\t\t\t\t\t\t<\/div>\n\t\t\t\t\t<\/div>\n\t\t<\/div>\n\t\t\t\t<div class=\"elementor-column elementor-col-16 elementor-top-column elementor-element elementor-element-fdd8195\" data-id=\"fdd8195\" data-element_type=\"column\">\n\t\t\t<div class=\"elementor-column-wrap elementor-element-populated\">\n\t\t\t\t\t\t\t<div class=\"elementor-widget-wrap\">\n\t\t\t\t\t\t<div class=\"elementor-element elementor-element-b74922b elementor-widget elementor-widget-button\" data-id=\"b74922b\" data-element_type=\"widget\" data-widget_type=\"button.default\">\n\t\t\t\t<div class=\"elementor-widget-container\">\n\t\t\t\t\t<div class=\"elementor-button-wrapper\">\n\t\t\t<a href=\"http:\/\/domainedesteyssieres.fr\/index.php\/la-taille-des-oliviers\/\" class=\"elementor-button-link elementor-button elementor-size-sm\" role=\"button\">\n\t\t\t\t\t\t<span class=\"elementor-button-content-wrapper\">\n\t\t\t\t\t\t<span class=\"elementor-button-text\">La taille des oliviers<\/span>\n\t\t<\/span>\n\t\t\t\t\t<\/a>\n\t\t<\/div>\n\t\t\t\t<\/div>\n\t\t\t\t<\/div>\n\t\t\t\t\t\t<\/div>\n\t\t\t\t\t<\/div>\n\t\t<\/div>\n\t\t\t\t<div class=\"elementor-column elementor-col-16 elementor-top-column elementor-element elementor-element-5cf2025\" data-id=\"5cf2025\" data-element_type=\"column\">\n\t\t\t<div class=\"elementor-column-wrap elementor-element-populated\">\n\t\t\t\t\t\t\t<div class=\"elementor-widget-wrap\">\n\t\t\t\t\t\t<div class=\"elementor-element elementor-element-c2f31d3 elementor-align-center elementor-widget elementor-widget-button\" data-id=\"c2f31d3\" data-element_type=\"widget\" data-widget_type=\"button.default\">\n\t\t\t\t<div class=\"elementor-widget-container\">\n\t\t\t\t\t<div class=\"elementor-button-wrapper\">\n\t\t\t<a href=\"http:\/\/domainedesteyssieres.fr\/index.php\/la-floraison\/\" class=\"elementor-button-link elementor-button elementor-size-sm\" role=\"button\">\n\t\t\t\t\t\t<span class=\"elementor-button-content-wrapper\">\n\t\t\t\t\t\t<span class=\"elementor-button-text\">La floraison<\/span>\n\t\t<\/span>\n\t\t\t\t\t<\/a>\n\t\t<\/div>\n\t\t\t\t<\/div>\n\t\t\t\t<\/div>\n\t\t\t\t\t\t<\/div>\n\t\t\t\t\t<\/div>\n\t\t<\/div>\n\t\t\t\t<div class=\"elementor-column elementor-col-16 elementor-top-column elementor-element elementor-element-2b73e87\" data-id=\"2b73e87\" data-element_type=\"column\">\n\t\t\t<div class=\"elementor-column-wrap elementor-element-populated\">\n\t\t\t\t\t\t\t<div class=\"elementor-widget-wrap\">\n\t\t\t\t\t\t<div class=\"elementor-element elementor-element-ef0ebf7 elementor-align-center elementor-widget elementor-widget-button\" data-id=\"ef0ebf7\" data-element_type=\"widget\" data-widget_type=\"button.default\">\n\t\t\t\t<div class=\"elementor-widget-container\">\n\t\t\t\t\t<div class=\"elementor-button-wrapper\">\n\t\t\t<a href=\"http:\/\/domainedesteyssieres.fr\/index.php\/lirrigation\/\" class=\"elementor-button-link elementor-button elementor-size-sm\" role=\"button\">\n\t\t\t\t\t\t<span class=\"elementor-button-content-wrapper\">\n\t\t\t\t\t\t<span class=\"elementor-button-text\">l'Irrigation<\/span>\n\t\t<\/span>\n\t\t\t\t\t<\/a>\n\t\t<\/div>\n\t\t\t\t<\/div>\n\t\t\t\t<\/div>\n\t\t\t\t\t\t<\/div>\n\t\t\t\t\t<\/div>\n\t\t<\/div>\n\t\t\t\t<div class=\"elementor-column elementor-col-16 elementor-top-column elementor-element elementor-element-7fdce27\" data-id=\"7fdce27\" data-element_type=\"column\">\n\t\t\t<div class=\"elementor-column-wrap elementor-element-populated\">\n\t\t\t\t\t\t\t<div class=\"elementor-widget-wrap\">\n\t\t\t\t\t\t<div class=\"elementor-element elementor-element-ff44c92 elementor-align-center elementor-widget elementor-widget-button\" data-id=\"ff44c92\" data-element_type=\"widget\" data-widget_type=\"button.default\">\n\t\t\t\t<div class=\"elementor-widget-container\">\n\t\t\t\t\t<div class=\"elementor-button-wrapper\">\n\t\t\t<a href=\"http:\/\/domainedesteyssieres.fr\/index.php\/mouche-de-lolive\/\" class=\"elementor-button-link elementor-button elementor-size-sm\" role=\"button\">\n\t\t\t\t\t\t<span class=\"elementor-button-content-wrapper\">\n\t\t\t\t\t\t<span class=\"elementor-button-text\">La mouche de l'olive<\/span>\n\t\t<\/span>\n\t\t\t\t\t<\/a>\n\t\t<\/div>\n\t\t\t\t<\/div>\n\t\t\t\t<\/div>\n\t\t\t\t\t\t<\/div>\n\t\t\t\t\t<\/div>\n\t\t<\/div>\n\t\t\t\t<div class=\"elementor-column elementor-col-16 elementor-top-column elementor-element elementor-element-17c815f\" data-id=\"17c815f\" data-element_type=\"column\">\n\t\t\t<div class=\"elementor-column-wrap elementor-element-populated\">\n\t\t\t\t\t\t\t<div class=\"elementor-widget-wrap\">\n\t\t\t\t\t\t<div class=\"elementor-element elementor-element-d994cdd elementor-align-center elementor-widget elementor-widget-button\" data-id=\"d994cdd\" data-element_type=\"widget\" data-widget_type=\"button.default\">\n\t\t\t\t<div class=\"elementor-widget-container\">\n\t\t\t\t\t<div class=\"elementor-button-wrapper\">\n\t\t\t<a href=\"#\" class=\"elementor-button-link elementor-button elementor-size-sm\" role=\"button\">\n\t\t\t\t\t\t<span class=\"elementor-button-content-wrapper\">\n\t\t\t\t\t\t<span class=\"elementor-button-text\">La recolte<\/span>\n\t\t<\/span>\n\t\t\t\t\t<\/a>\n\t\t<\/div>\n\t\t\t\t<\/div>\n\t\t\t\t<\/div>\n\t\t\t\t\t\t<\/div>\n\t\t\t\t\t<\/div>\n\t\t<\/div>\n\t\t\t\t\t\t\t\t<\/div>\n\t\t\t\t\t<\/div>\n\t\t<\/section>\n\t\t\t\t\t\t\t\t\t<\/div>\n\t\t\t<\/div>\n\t\t\t\t\t<\/div>\n\t\t","protected":false},"excerpt":{"rendered":"<p>Vers la fin de l\u2019hiver il nous faut apporter de l\u2019engrais organique, des amendements de type compost et \u00e9ventuellement semer des engrais vert dans le but , entre autres, d&rsquo;ameliorer la fertilit\u00e9 du sol Une fois que les grands froids ne sont plus \u00e0 craindre, \u00e0 partir de fin f\u00e9vrier \u00a0il est temps de tailler [&hellip;]<\/p>\n","protected":false},"author":1,"featured_media":0,"parent":0,"menu_order":0,"comment_status":"closed","ping_status":"closed","template":"","meta":{"footnotes":""},"_links":{"self":[{"href":"https:\/\/domainedesteyssieres.fr\/index.php\/wp-json\/wp\/v2\/pages\/22"}],"collection":[{"href":"https:\/\/domainedesteyssieres.fr\/index.php\/wp-json\/wp\/v2\/pages"}],"about":[{"href":"https:\/\/domainedesteyssieres.fr\/index.php\/wp-json\/wp\/v2\/types\/page"}],"author":[{"embeddable":true,"href":"https:\/\/domainedesteyssieres.fr\/index.php\/wp-json\/wp\/v2\/users\/1"}],"replies":[{"embeddable":true,"href":"https:\/\/domainedesteyssieres.fr\/index.php\/wp-json\/wp\/v2\/comments?post=22"}],"version-history":[{"count":73,"href":"https:\/\/domainedesteyssieres.fr\/index.php\/wp-json\/wp\/v2\/pages\/22\/revisions"}],"predecessor-version":[{"id":1533,"href":"https:\/\/domainedesteyssieres.fr\/index.php\/wp-json\/wp\/v2\/pages\/22\/revisions\/1533"}],"wp:attachment":[{"href":"https:\/\/domainedesteyssieres.fr\/index.php\/wp-json\/wp\/v2\/media?parent=22"}],"curies":[{"name":"wp","href":"https:\/\/api.w.org\/{rel}","templated":true}]}}