{"id":42,"date":"2018-01-12T11:31:11","date_gmt":"2018-01-12T10:31:11","guid":{"rendered":"http:\/\/domainedesteyssieres.fr\/?page_id=42"},"modified":"2025-11-07T10:12:16","modified_gmt":"2025-11-07T09:12:16","slug":"les-gouts-fruites-huiles-olive","status":"publish","type":"page","link":"https:\/\/domainedesteyssieres.fr\/index.php\/les-gouts-fruites-huiles-olive\/","title":{"rendered":"Les differentes familles d&rsquo;huile d&rsquo;olive"},"content":{"rendered":"\t\t<div data-elementor-type=\"wp-page\" data-elementor-id=\"42\" class=\"elementor elementor-42\">\n\t\t\t\t\t\t<div class=\"elementor-inner\">\n\t\t\t\t<div class=\"elementor-section-wrap\">\n\t\t\t\t\t\t\t\t\t<section class=\"elementor-section elementor-top-section elementor-element elementor-element-0db36a3 elementor-section-boxed elementor-section-height-default elementor-section-height-default\" data-id=\"0db36a3\" data-element_type=\"section\">\n\t\t\t\t\t\t<div class=\"elementor-container elementor-column-gap-default\">\n\t\t\t\t\t\t\t<div class=\"elementor-row\">\n\t\t\t\t\t<div class=\"elementor-column elementor-col-100 elementor-top-column elementor-element elementor-element-1f0c3d3\" data-id=\"1f0c3d3\" data-element_type=\"column\">\n\t\t\t<div class=\"elementor-column-wrap elementor-element-populated\">\n\t\t\t\t\t\t\t<div class=\"elementor-widget-wrap\">\n\t\t\t\t\t\t<div class=\"elementor-element elementor-element-b4dcc06 elementor-widget elementor-widget-text-editor\" data-id=\"b4dcc06\" data-element_type=\"widget\" data-widget_type=\"text-editor.default\">\n\t\t\t\t<div class=\"elementor-widget-container\">\n\t\t\t\t\t\t\t\t<div class=\"elementor-text-editor elementor-clearfix\">\n\t\t\t\t\t\t\t\t\t<\/div>\n\t\t\t\t\t\t<\/div>\n\t\t\t\t<\/div>\n\t\t\t\t\t\t<\/div>\n\t\t\t\t\t<\/div>\n\t\t<\/div>\n\t\t\t\t\t\t\t\t<\/div>\n\t\t\t\t\t<\/div>\n\t\t<\/section>\n\t\t\t\t<section class=\"elementor-section elementor-top-section elementor-element elementor-element-f93fa53 elementor-section-boxed elementor-section-height-default elementor-section-height-default\" data-id=\"f93fa53\" data-element_type=\"section\">\n\t\t\t\t\t\t<div class=\"elementor-container elementor-column-gap-default\">\n\t\t\t\t\t\t\t<div class=\"elementor-row\">\n\t\t\t\t\t<div class=\"elementor-column elementor-col-100 elementor-top-column elementor-element elementor-element-16f416b\" data-id=\"16f416b\" data-element_type=\"column\">\n\t\t\t<div class=\"elementor-column-wrap elementor-element-populated\">\n\t\t\t\t\t\t\t<div class=\"elementor-widget-wrap\">\n\t\t\t\t\t\t<div class=\"elementor-element elementor-element-39481f7 elementor-widget elementor-widget-image\" data-id=\"39481f7\" data-element_type=\"widget\" data-widget_type=\"image.default\">\n\t\t\t\t<div class=\"elementor-widget-container\">\n\t\t\t\t\t\t\t\t<div class=\"elementor-image\">\n\t\t\t\t\t\t\t\t\t<figure class=\"wp-caption\">\n\t\t\t\t\t\t\t\t\t\t\t<a href=\"http:\/\/domainedesteyssieres.fr\/wp-content\/uploads\/2018\/09\/Degustation.jpg\" data-elementor-open-lightbox=\"yes\" data-elementor-lightbox-title=\"Degustation\" e-action-hash=\"#elementor-action%3Aaction%3Dlightbox%26settings%3DeyJpZCI6MTQ1NywidXJsIjoiaHR0cHM6XC9cL2RvbWFpbmVkZXN0ZXlzc2llcmVzLmZyXC93cC1jb250ZW50XC91cGxvYWRzXC8yMDE4XC8wOVwvRGVndXN0YXRpb24uanBnIn0%3D\">\n\t\t\t\t\t\t\t<img loading=\"lazy\" decoding=\"async\" width=\"1024\" height=\"720\" src=\"https:\/\/domainedesteyssieres.fr\/wp-content\/uploads\/2018\/09\/Degustation-1024x720.jpg\" class=\"attachment-large size-large\" alt=\"\" srcset=\"https:\/\/domainedesteyssieres.fr\/wp-content\/uploads\/2018\/09\/Degustation-1024x720.jpg 1024w, https:\/\/domainedesteyssieres.fr\/wp-content\/uploads\/2018\/09\/Degustation-300x211.jpg 300w, https:\/\/domainedesteyssieres.fr\/wp-content\/uploads\/2018\/09\/Degustation-768x540.jpg 768w, https:\/\/domainedesteyssieres.fr\/wp-content\/uploads\/2018\/09\/Degustation.jpg 1200w\" sizes=\"(max-width: 1024px) 100vw, 1024px\" \/>\t\t\t\t\t\t\t\t<\/a>\n\t\t\t\t\t\t\t\t\t\t\t<figcaption class=\"widget-image-caption wp-caption-text\">La degustation<\/figcaption>\n\t\t\t\t\t\t\t\t\t\t<\/figure>\n\t\t\t\t\t\t\t\t<\/div>\n\t\t\t\t\t\t<\/div>\n\t\t\t\t<\/div>\n\t\t\t\t\t\t<\/div>\n\t\t\t\t\t<\/div>\n\t\t<\/div>\n\t\t\t\t\t\t\t\t<\/div>\n\t\t\t\t\t<\/div>\n\t\t<\/section>\n\t\t\t\t<section class=\"elementor-section elementor-top-section elementor-element elementor-element-a46ee92 elementor-section-boxed elementor-section-height-default elementor-section-height-default\" data-id=\"a46ee92\" data-element_type=\"section\">\n\t\t\t\t\t\t<div class=\"elementor-container elementor-column-gap-default\">\n\t\t\t\t\t\t\t<div class=\"elementor-row\">\n\t\t\t\t\t<div class=\"elementor-column elementor-col-100 elementor-top-column elementor-element elementor-element-1b05500\" data-id=\"1b05500\" data-element_type=\"column\">\n\t\t\t<div class=\"elementor-column-wrap elementor-element-populated\">\n\t\t\t\t\t\t\t<div class=\"elementor-widget-wrap\">\n\t\t\t\t\t\t<div class=\"elementor-element elementor-element-1c3c78a elementor-widget elementor-widget-text-editor\" data-id=\"1c3c78a\" data-element_type=\"widget\" data-widget_type=\"text-editor.default\">\n\t\t\t\t<div class=\"elementor-widget-container\">\n\t\t\t\t\t\t\t\t<div class=\"elementor-text-editor elementor-clearfix\">\n\t\t\t\t<p>Il existe diff\u00e9rentes huiles qui se caract\u00e9risent par leurs aromes dominants leur amertume et leur ardence<\/p><p>\u00a0&#8211; Fruit\u00e9 vert ou Gout intense<\/p><p>\u00a0_ Fruit\u00e9 mur ou gout subtil<\/p><p>\u00a0&#8211; Fruit\u00e9 noir ou gout \u00e0 l\u2019ancienne<\/p>\t\t\t\t\t<\/div>\n\t\t\t\t\t\t<\/div>\n\t\t\t\t<\/div>\n\t\t\t\t\t\t<\/div>\n\t\t\t\t\t<\/div>\n\t\t<\/div>\n\t\t\t\t\t\t\t\t<\/div>\n\t\t\t\t\t<\/div>\n\t\t<\/section>\n\t\t\t\t<section class=\"elementor-section elementor-top-section elementor-element elementor-element-7ac24ae elementor-section-boxed elementor-section-height-default elementor-section-height-default\" data-id=\"7ac24ae\" data-element_type=\"section\">\n\t\t\t\t\t\t<div class=\"elementor-container elementor-column-gap-default\">\n\t\t\t\t\t\t\t<div class=\"elementor-row\">\n\t\t\t\t\t<div class=\"elementor-column elementor-col-100 elementor-top-column elementor-element elementor-element-2c254d2\" data-id=\"2c254d2\" data-element_type=\"column\">\n\t\t\t<div class=\"elementor-column-wrap elementor-element-populated\">\n\t\t\t\t\t\t\t<div class=\"elementor-widget-wrap\">\n\t\t\t\t\t\t<div class=\"elementor-element elementor-element-f704945 elementor-widget elementor-widget-image\" data-id=\"f704945\" data-element_type=\"widget\" data-widget_type=\"image.default\">\n\t\t\t\t<div class=\"elementor-widget-container\">\n\t\t\t\t\t\t\t\t<div class=\"elementor-image\">\n\t\t\t\t\t\t\t\t\t\t\t\t<img loading=\"lazy\" decoding=\"async\" width=\"1024\" height=\"289\" src=\"https:\/\/domainedesteyssieres.fr\/wp-content\/uploads\/2018\/01\/huile-olive-de-france-gout-intense-gout-subtil-gout-a-lancienne-1024x289.png\" class=\"attachment-large size-large\" alt=\"\" srcset=\"https:\/\/domainedesteyssieres.fr\/wp-content\/uploads\/2018\/01\/huile-olive-de-france-gout-intense-gout-subtil-gout-a-lancienne.png 1024w, https:\/\/domainedesteyssieres.fr\/wp-content\/uploads\/2018\/01\/huile-olive-de-france-gout-intense-gout-subtil-gout-a-lancienne-300x85.png 300w, https:\/\/domainedesteyssieres.fr\/wp-content\/uploads\/2018\/01\/huile-olive-de-france-gout-intense-gout-subtil-gout-a-lancienne-768x217.png 768w\" sizes=\"(max-width: 1024px) 100vw, 1024px\" \/>\t\t\t\t\t\t\t\t\t\t\t\t\t\t<\/div>\n\t\t\t\t\t\t<\/div>\n\t\t\t\t<\/div>\n\t\t\t\t\t\t<\/div>\n\t\t\t\t\t<\/div>\n\t\t<\/div>\n\t\t\t\t\t\t\t\t<\/div>\n\t\t\t\t\t<\/div>\n\t\t<\/section>\n\t\t\t\t<section class=\"elementor-section elementor-top-section elementor-element elementor-element-bf67d41 elementor-section-boxed elementor-section-height-default elementor-section-height-default\" data-id=\"bf67d41\" data-element_type=\"section\">\n\t\t\t\t\t\t<div class=\"elementor-container elementor-column-gap-default\">\n\t\t\t\t\t\t\t<div class=\"elementor-row\">\n\t\t\t\t\t<div class=\"elementor-column elementor-col-100 elementor-top-column elementor-element elementor-element-5297669\" data-id=\"5297669\" data-element_type=\"column\">\n\t\t\t<div class=\"elementor-column-wrap elementor-element-populated\">\n\t\t\t\t\t\t\t<div class=\"elementor-widget-wrap\">\n\t\t\t\t\t\t<div class=\"elementor-element elementor-element-a47916b elementor-widget elementor-widget-text-editor\" data-id=\"a47916b\" data-element_type=\"widget\" data-widget_type=\"text-editor.default\">\n\t\t\t\t<div class=\"elementor-widget-container\">\n\t\t\t\t\t\t\t\t<div class=\"elementor-text-editor elementor-clearfix\">\n\t\t\t\t<p>Au <strong>Domaine des Teyssieres<\/strong>, nous produisons deux types d&rsquo;huile d&rsquo;olive ,principalement \u00e0 base de la vari\u00e9t\u00e9 Aglandau ( ou verdale de Carpentras ), mais egalement en tres petite quantit\u00e9 avec les variet\u00e9s Bouteillan , Grossane et Picholine<\/p><ul><li>&#8211; Une huile de type <strong>\u00ab\u00a0fruit\u00e9 vert\u00a0\u00bb\u00a0 au \u00a0\u00bb go\u00fbt intense \u00ab\u00a0<\/strong>\u00a0 \u00e9labor\u00e9e avec des olives r\u00e9colt\u00e9es tournantes en d\u00e9but de r\u00e9colte (g\u00e9n\u00e9ralement a partir du 20 octobre) et tritur\u00e9es dans les 24h<\/li><\/ul><p>Cette huile est caract\u00e9ris\u00e9e par ses ar\u00f4mes d\u2019artichaut, des notes herbac\u00e9s, une certaine amertume et un piquant dus \u00e0 la fraicheur des olives et qui garantissent une bonne conservation des ar\u00f4mes et une haute teneur en polyph\u00e9nols..Ces ar\u00f4mes sont legerement differents en fonction des vari\u00e9t\u00e9s d&rsquo;olives utilis\u00e9es.<\/p><ul><li>&#8211; Un huile de type <strong>\u00a0\u00bb fruit\u00e9 noir\u00a0\u00bb ou \u00ab\u00a0go\u00fbt a l&rsquo;ancienne \u00ab\u00a0<\/strong> <strong>ou \u00ab\u00a0olives matur\u00e9es\u00a0\u00bb<\/strong> dont les olives r\u00e9colt\u00e9es g\u00e9n\u00e9ralement plus m\u00fbres (d\u00e9but a mi novembre) sont conserv\u00e9es quelques jours en conditions ana\u00e9robie avec un contr\u00f4le de la temp\u00e9rature pour provoquer un d\u00e9but de fermentation. Cette m\u00e9thode \u00e9tait la seule utilis\u00e9e jusqu&rsquo;au milieu du si\u00e8cle dernier.<\/li><\/ul><p>Ses caract\u00e9ristiques sont une huile a la sensation plus grasse au palais avec des ar\u00f4mes d&rsquo;olive noire ,de fruits sec, de champignons .Cette huile est g\u00e9n\u00e9ralement d\u00e9pourvue des toute amertume ou piquant.<\/p><p>Si vous voulez en savoir plus sur ces diff\u00e9rentes qualit\u00e9 d\u2019huile , sur les vari\u00e9t\u00e9s d\u2019olives , leurs usages gastronomiques et les diff\u00e9rentes manifestations autour des olives et de l\u2019huile d\u2019olive en France , je vous conseille ce site tr\u00e8s instructif construit par notre interprofession<\/p><p><a href=\"http:\/\/huiles-et-olives.fr\/\" target=\"_blank\" rel=\"noopener\">Huiles d&rsquo;olive du midi de la France<\/a><\/p>\t\t\t\t\t<\/div>\n\t\t\t\t\t\t<\/div>\n\t\t\t\t<\/div>\n\t\t\t\t\t\t<\/div>\n\t\t\t\t\t<\/div>\n\t\t<\/div>\n\t\t\t\t\t\t\t\t<\/div>\n\t\t\t\t\t<\/div>\n\t\t<\/section>\n\t\t\t\t<section class=\"elementor-section elementor-top-section elementor-element elementor-element-6ac61b4 elementor-section-boxed elementor-section-height-default elementor-section-height-default\" data-id=\"6ac61b4\" data-element_type=\"section\">\n\t\t\t\t\t\t<div class=\"elementor-container elementor-column-gap-default\">\n\t\t\t\t\t\t\t<div class=\"elementor-row\">\n\t\t\t\t\t<div class=\"elementor-column elementor-col-100 elementor-top-column elementor-element elementor-element-2e7441e\" data-id=\"2e7441e\" data-element_type=\"column\">\n\t\t\t<div class=\"elementor-column-wrap elementor-element-populated\">\n\t\t\t\t\t\t\t<div class=\"elementor-widget-wrap\">\n\t\t\t\t\t\t<div class=\"elementor-element elementor-element-2540677 elementor-align-center elementor-button-success elementor-widget elementor-widget-button\" data-id=\"2540677\" data-element_type=\"widget\" data-widget_type=\"button.default\">\n\t\t\t\t<div class=\"elementor-widget-container\">\n\t\t\t\t\t<div class=\"elementor-button-wrapper\">\n\t\t\t<a href=\"http:\/\/domainedesteyssieres.fr\/index.php\/la-culture-des-oliviers\/\" class=\"elementor-button-link elementor-button elementor-size-xl\" role=\"button\">\n\t\t\t\t\t\t<span class=\"elementor-button-content-wrapper\">\n\t\t\t\t\t\t<span class=\"elementor-button-text\">L'Olivier au fil des Saisons<\/span>\n\t\t<\/span>\n\t\t\t\t\t<\/a>\n\t\t<\/div>\n\t\t\t\t<\/div>\n\t\t\t\t<\/div>\n\t\t\t\t\t\t<\/div>\n\t\t\t\t\t<\/div>\n\t\t<\/div>\n\t\t\t\t\t\t\t\t<\/div>\n\t\t\t\t\t<\/div>\n\t\t<\/section>\n\t\t\t\t\t\t\t\t\t<\/div>\n\t\t\t<\/div>\n\t\t\t\t\t<\/div>\n\t\t","protected":false},"excerpt":{"rendered":"<p>La degustation Il existe diff\u00e9rentes huiles qui se caract\u00e9risent par leurs aromes dominants leur amertume et leur ardence \u00a0&#8211; Fruit\u00e9 vert ou Gout intense \u00a0_ Fruit\u00e9 mur ou gout subtil \u00a0&#8211; Fruit\u00e9 noir ou gout \u00e0 l\u2019ancienne Au Domaine des Teyssieres, nous produisons deux types d&rsquo;huile d&rsquo;olive ,principalement \u00e0 base de la vari\u00e9t\u00e9 Aglandau ( [&hellip;]<\/p>\n","protected":false},"author":1,"featured_media":0,"parent":0,"menu_order":0,"comment_status":"closed","ping_status":"closed","template":"","meta":{"footnotes":""},"_links":{"self":[{"href":"https:\/\/domainedesteyssieres.fr\/index.php\/wp-json\/wp\/v2\/pages\/42"}],"collection":[{"href":"https:\/\/domainedesteyssieres.fr\/index.php\/wp-json\/wp\/v2\/pages"}],"about":[{"href":"https:\/\/domainedesteyssieres.fr\/index.php\/wp-json\/wp\/v2\/types\/page"}],"author":[{"embeddable":true,"href":"https:\/\/domainedesteyssieres.fr\/index.php\/wp-json\/wp\/v2\/users\/1"}],"replies":[{"embeddable":true,"href":"https:\/\/domainedesteyssieres.fr\/index.php\/wp-json\/wp\/v2\/comments?post=42"}],"version-history":[{"count":29,"href":"https:\/\/domainedesteyssieres.fr\/index.php\/wp-json\/wp\/v2\/pages\/42\/revisions"}],"predecessor-version":[{"id":2229,"href":"https:\/\/domainedesteyssieres.fr\/index.php\/wp-json\/wp\/v2\/pages\/42\/revisions\/2229"}],"wp:attachment":[{"href":"https:\/\/domainedesteyssieres.fr\/index.php\/wp-json\/wp\/v2\/media?parent=42"}],"curies":[{"name":"wp","href":"https:\/\/api.w.org\/{rel}","templated":true}]}}